{"id":3003,"date":"2013-11-19T12:15:49","date_gmt":"2013-11-19T12:15:49","guid":{"rendered":"http:\/\/www.museodelarioja.es\/museoromanizacion\/?page_id=3003"},"modified":"2014-04-14T10:49:07","modified_gmt":"2014-04-14T10:49:07","slug":"politica-de-privacidad","status":"publish","type":"page","link":"https:\/\/www.museodelarioja.es\/museoromanizacion\/politica-de-privacidad\/","title":{"rendered":"Pol\u00edtica de privacidad"},"content":{"rendered":"<p>De acuerdo con la L.O. 15\/1999 y la Ley 34\/2002, el\u00a0<strong>Museo de la Romanizaci\u00f3n<\/strong>\u00a0le informa de que los datos personales facilitados de forma voluntaria ser\u00e1n incluidos en un fichero automatizado.<\/p>\n<p>El\u00a0<strong>Museo <strong>de la Romanizaci\u00f3n<\/strong><\/strong>\u00a0no vende, alquila ni pone a disposici\u00f3n de terceras personas los datos personales proporcionados por los usuarios de la web. Esta informaci\u00f3n no ser\u00e1 utilizada para acciones de marketing directo, a menos que le hayamos informado con antelaci\u00f3n de esta posibilidad y nos haya otorgado consentimiento expreso.<\/p>\n<p>Los datos que el usuario proporciona al\u00a0<strong>Museo <strong>de la Romanizaci\u00f3n\u00a0<\/strong><\/strong>ser\u00e1n verdaderos y exactos. Adem\u00e1s ser\u00e1 el \u00fanico responsable de cualquier da\u00f1o o prejuicio, directo o indirecto que pueda ocasionar al<strong> Museo\u00a0de la Romanizaci\u00f3n<\/strong>\u00a0o a terceros por el incumplimiento de estos t\u00e9rminos.<\/p>\n<p>El<b>\u00a0<strong>Museo <strong>de la Romanizaci\u00f3n<\/strong><\/strong>\u00a0<\/b>garantiza la confidencialidad de los datos de car\u00e1cter personal facilitados por los usuarios que son recogidos a trav\u00e9s de su servidor. El\u00a0<strong>Museo <strong>de la Romanizaci\u00f3n<\/strong><\/strong><b>\u00a0<\/b>es el responsable del fichero donde se incorporan los datos de car\u00e1cter personal facilitados por el usuario y cuenta con todos los medios para garantizar la seguridad y protecci\u00f3n de sus sistemas de informaci\u00f3n as\u00ed como de los datos de los clientes que en ellos se almacenan.<\/p>\n<p>El<b>\u00a0<strong>Museo <strong>de la Romanizaci\u00f3n<\/strong><\/strong>\u00a0<\/b>puede utilizar cookies que recojan informaci\u00f3n sobre las preferencias de navegaci\u00f3n del usuario. Las cookies no propocionan ni el nombre de usuario ni ning\u00fan otro dato personal al menos que se haya facilitado voluntariamente. El usuario puede configurar su navegador para ser avisado de la recepci\u00f3n de \u2018\u2019cookies\u2019\u2019 y para impedir la instalaci\u00f3n de las mismas en su disco duro.<\/p>\n<p>&nbsp;<\/p>\n","protected":false},"excerpt":{"rendered":"<p>De acuerdo con la L.O. 15\/1999 y la Ley 34\/2002, el\u00a0Museo de la Romanizaci\u00f3n\u00a0le informa de que los datos personales facilitados de forma voluntaria ser\u00e1n incluidos en un fichero automatizado. El\u00a0Museo de la Romanizaci\u00f3n\u00a0no vende, alquila ni pone a disposici\u00f3n de terceras personas los datos personales proporcionados por los usuarios de la web. Esta informaci\u00f3n [&hellip;]<\/p>\n","protected":false},"author":2,"featured_media":0,"parent":0,"menu_order":0,"comment_status":"open","ping_status":"open","template":"","meta":{"footnotes":""},"class_list":["post-3003","page","type-page","status-publish","hentry"],"_links":{"self":[{"href":"https:\/\/www.museodelarioja.es\/museoromanizacion\/wp-json\/wp\/v2\/pages\/3003","targetHints":{"allow":["GET"]}}],"collection":[{"href":"https:\/\/www.museodelarioja.es\/museoromanizacion\/wp-json\/wp\/v2\/pages"}],"about":[{"href":"https:\/\/www.museodelarioja.es\/museoromanizacion\/wp-json\/wp\/v2\/types\/page"}],"author":[{"embeddable":true,"href":"https:\/\/www.museodelarioja.es\/museoromanizacion\/wp-json\/wp\/v2\/users\/2"}],"replies":[{"embeddable":true,"href":"https:\/\/www.museodelarioja.es\/museoromanizacion\/wp-json\/wp\/v2\/comments?post=3003"}],"version-history":[{"count":4,"href":"https:\/\/www.museodelarioja.es\/museoromanizacion\/wp-json\/wp\/v2\/pages\/3003\/revisions"}],"predecessor-version":[{"id":3457,"href":"https:\/\/www.museodelarioja.es\/museoromanizacion\/wp-json\/wp\/v2\/pages\/3003\/revisions\/3457"}],"wp:attachment":[{"href":"https:\/\/www.museodelarioja.es\/museoromanizacion\/wp-json\/wp\/v2\/media?parent=3003"}],"curies":[{"name":"wp","href":"https:\/\/api.w.org\/{rel}","templated":true}]}}