{"id":2605,"date":"2013-10-18T10:06:23","date_gmt":"2013-10-18T10:06:23","guid":{"rendered":"http:\/\/www.museodelarioja.es\/museoromanizacion\/?page_id=2605"},"modified":"2014-04-07T11:29:36","modified_gmt":"2014-04-07T11:29:36","slug":"planta-1","status":"publish","type":"page","link":"https:\/\/www.museodelarioja.es\/museoromanizacion\/el-museo\/visita-virtual\/planta-1\/","title":{"rendered":"Planta Baja"},"content":{"rendered":"<div id='layer_slider_1'  class='avia-layerslider main_color avia-shadow  avia-builder-el-0  el_before_av_heading  avia-builder-el-first  container_wrap sidebar_left' style='  height: 401px;' ><\/div><div id='after_layer_slider_1'  class='main_color av_default_container_wrap container_wrap sidebar_left' style=' '  ><div class='container' ><div class='template-page content  av-content-small units'><div class='post-entry post-entry-type-page post-entry-2605'><div class='entry-content-wrapper clearfix'>\n<div  style='padding-bottom:10px; ' class='av-special-heading av-special-heading-h3    avia-builder-el-1  el_after_av_layerslider  el_before_av_gallery  avia-builder-el-first  '><h3 class='av-special-heading-tag '  itemprop=\"headline\"  >EL MUSEO: Visita virtual &#8211; Planta Baja<\/h3><div class='special-heading-border'><div class='special-heading-inner-border' ><\/div><\/div><\/div>\n<div  class='avia-gallery  avia-gallery-1 avia_lazyload avia-gallery-animate avia_animate_when_visible  avia-builder-el-2  el_after_av_heading  avia-builder-el-last '  itemprop=\"image\" itemscope=\"itemscope\" itemtype=\"https:\/\/schema.org\/ImageObject\" ><div class='avia-gallery-thumb'> <a href='https:\/\/www.museodelarioja.es\/museoromanizacion\/wp-content\/uploads\/SALA-1-Prerromanos-1200-1030x694.jpg' data-rel='gallery-1' data-prev-img='https:\/\/www.museodelarioja.es\/museoromanizacion\/wp-content\/uploads\/SALA-1-Prerromanos-1200-260x185.jpg' class='first_thumb lightbox ' data-onclick='1' title='Sala 1 Cultura Celtiberia'  itemprop=\"thumbnailUrl\" ><img data-avia-tooltip='Sala 1 Cultura Celtiberia' src='https:\/\/www.museodelarioja.es\/museoromanizacion\/wp-content\/uploads\/SALA-1-Prerromanos-1200-495x400.jpg' width='495' height='400'  title='SALA 1  Prerromanos-1200' alt='Sala 1 Cultura Celtiberia' \/><\/a> <a href='https:\/\/www.museodelarioja.es\/museoromanizacion\/wp-content\/uploads\/SALA-1-Prerromanos_2_1200-1030x694.jpg' data-rel='gallery-1' data-prev-img='https:\/\/www.museodelarioja.es\/museoromanizacion\/wp-content\/uploads\/SALA-1-Prerromanos_2_1200-260x185.jpg' class='lightbox ' data-onclick='2' title='Sala 1 Cultura Celtiberia'  itemprop=\"thumbnailUrl\" ><img data-avia-tooltip='Sala 1 Cultura Celtiberia' src='https:\/\/www.museodelarioja.es\/museoromanizacion\/wp-content\/uploads\/SALA-1-Prerromanos_2_1200-495x400.jpg' width='495' height='400'  title='SALA 1  Prerromanos_2_1200' alt='Sala 1 Cultura Celtiberia' \/><\/a> <a href='https:\/\/www.museodelarioja.es\/museoromanizacion\/wp-content\/uploads\/sala-II-romanizaci\u00f3n1200-1030x584.jpg' data-rel='gallery-1' data-prev-img='https:\/\/www.museodelarioja.es\/museoromanizacion\/wp-content\/uploads\/sala-II-romanizaci\u00f3n1200-260x185.jpg' class='lightbox ' data-onclick='3' title='Sala 2 Romanizaci\u00f3n'  itemprop=\"thumbnailUrl\" ><img data-avia-tooltip='Sala 2 Romanizaci\u00f3n' src='https:\/\/www.museodelarioja.es\/museoromanizacion\/wp-content\/uploads\/sala-II-romanizaci\u00f3n1200-495x400.jpg' width='495' height='400'  title='sala II romanizaci\u00f3n1200' alt='Sala 2 Romanizaci\u00f3n' \/><\/a> <a href='https:\/\/www.museodelarioja.es\/museoromanizacion\/wp-content\/uploads\/sala-II-romanizaci\u00f3n_2_1200x556-1030x477.jpg' data-rel='gallery-1' data-prev-img='https:\/\/www.museodelarioja.es\/museoromanizacion\/wp-content\/uploads\/sala-II-romanizaci\u00f3n_2_1200x556-260x185.jpg' class='lightbox ' data-onclick='4' title='Sala 2 Romanizaci\u00f3n'  itemprop=\"thumbnailUrl\" ><img data-avia-tooltip='Sala 2 Romanizaci\u00f3n' src='https:\/\/www.museodelarioja.es\/museoromanizacion\/wp-content\/uploads\/sala-II-romanizaci\u00f3n_2_1200x556-495x400.jpg' width='495' height='400'  title='sala II romanizaci\u00f3n_2_1200x556' alt='Sala 2 Romanizaci\u00f3n' \/><\/a><\/div><\/div>\n","protected":false},"excerpt":{"rendered":"","protected":false},"author":2,"featured_media":0,"parent":2591,"menu_order":0,"comment_status":"open","ping_status":"open","template":"","meta":{"footnotes":""},"class_list":["post-2605","page","type-page","status-publish","hentry"],"_links":{"self":[{"href":"https:\/\/www.museodelarioja.es\/museoromanizacion\/wp-json\/wp\/v2\/pages\/2605","targetHints":{"allow":["GET"]}}],"collection":[{"href":"https:\/\/www.museodelarioja.es\/museoromanizacion\/wp-json\/wp\/v2\/pages"}],"about":[{"href":"https:\/\/www.museodelarioja.es\/museoromanizacion\/wp-json\/wp\/v2\/types\/page"}],"author":[{"embeddable":true,"href":"https:\/\/www.museodelarioja.es\/museoromanizacion\/wp-json\/wp\/v2\/users\/2"}],"replies":[{"embeddable":true,"href":"https:\/\/www.museodelarioja.es\/museoromanizacion\/wp-json\/wp\/v2\/comments?post=2605"}],"version-history":[{"count":16,"href":"https:\/\/www.museodelarioja.es\/museoromanizacion\/wp-json\/wp\/v2\/pages\/2605\/revisions"}],"predecessor-version":[{"id":3439,"href":"https:\/\/www.museodelarioja.es\/museoromanizacion\/wp-json\/wp\/v2\/pages\/2605\/revisions\/3439"}],"up":[{"embeddable":true,"href":"https:\/\/www.museodelarioja.es\/museoromanizacion\/wp-json\/wp\/v2\/pages\/2591"}],"wp:attachment":[{"href":"https:\/\/www.museodelarioja.es\/museoromanizacion\/wp-json\/wp\/v2\/media?parent=2605"}],"curies":[{"name":"wp","href":"https:\/\/api.w.org\/{rel}","templated":true}]}}

<div id='layer_slider_1'  class='avia-layerslider main_color avia-shadow  avia-builder-el-0  el_before_av_heading  avia-builder-el-first  container_wrap sidebar_left' style='  height: 401px;' ></div><div id='after_layer_slider_1'  class='main_color av_default_container_wrap container_wrap sidebar_left' style=' '  ><div class='container' ><div class='template-page content  av-content-small units'><div class='post-entry post-entry-type-page post-entry-2605'><div class='entry-content-wrapper clearfix'>
<div  style='padding-bottom:10px; ' class='av-special-heading av-special-heading-h3    avia-builder-el-1  el_after_av_layerslider  el_before_av_gallery  avia-builder-el-first  '><h3 class='av-special-heading-tag '  itemprop="headline"  >EL MUSEO: Visita virtual &#8211; Planta Baja</h3><div class='special-heading-border'><div class='special-heading-inner-border' ></div></div></div>
<div  class='avia-gallery  avia-gallery-1 avia_lazyload avia-gallery-animate avia_animate_when_visible  avia-builder-el-2  el_after_av_heading  avia-builder-el-last '  itemprop="image" itemscope="itemscope" itemtype="https://schema.org/ImageObject" ><div class='avia-gallery-thumb'> <a href='https://www.museodelarioja.es/museoromanizacion/wp-content/uploads/SALA-1-Prerromanos-1200-1030x694.jpg' data-rel='gallery-1' data-prev-img='https://www.museodelarioja.es/museoromanizacion/wp-content/uploads/SALA-1-Prerromanos-1200-260x185.jpg' class='first_thumb lightbox ' data-onclick='1' title='Sala 1 Cultura Celtiberia'  itemprop="thumbnailUrl" ><img data-avia-tooltip='Sala 1 Cultura Celtiberia' src='https://www.museodelarioja.es/museoromanizacion/wp-content/uploads/SALA-1-Prerromanos-1200-495x400.jpg' width='495' height='400'  title='SALA 1  Prerromanos-1200' alt='Sala 1 Cultura Celtiberia' /></a> <a href='https://www.museodelarioja.es/museoromanizacion/wp-content/uploads/SALA-1-Prerromanos_2_1200-1030x694.jpg' data-rel='gallery-1' data-prev-img='https://www.museodelarioja.es/museoromanizacion/wp-content/uploads/SALA-1-Prerromanos_2_1200-260x185.jpg' class='lightbox ' data-onclick='2' title='Sala 1 Cultura Celtiberia'  itemprop="thumbnailUrl" ><img data-avia-tooltip='Sala 1 Cultura Celtiberia' src='https://www.museodelarioja.es/museoromanizacion/wp-content/uploads/SALA-1-Prerromanos_2_1200-495x400.jpg' width='495' height='400'  title='SALA 1  Prerromanos_2_1200' alt='Sala 1 Cultura Celtiberia' /></a> <a href='https://www.museodelarioja.es/museoromanizacion/wp-content/uploads/sala-II-romanización1200-1030x584.jpg' data-rel='gallery-1' data-prev-img='https://www.museodelarioja.es/museoromanizacion/wp-content/uploads/sala-II-romanización1200-260x185.jpg' class='lightbox ' data-onclick='3' title='Sala 2 Romanización'  itemprop="thumbnailUrl" ><img data-avia-tooltip='Sala 2 Romanización' src='https://www.museodelarioja.es/museoromanizacion/wp-content/uploads/sala-II-romanización1200-495x400.jpg' width='495' height='400'  title='sala II romanización1200' alt='Sala 2 Romanización' /></a> <a href='https://www.museodelarioja.es/museoromanizacion/wp-content/uploads/sala-II-romanización_2_1200x556-1030x477.jpg' data-rel='gallery-1' data-prev-img='https://www.museodelarioja.es/museoromanizacion/wp-content/uploads/sala-II-romanización_2_1200x556-260x185.jpg' class='lightbox ' data-onclick='4' title='Sala 2 Romanización'  itemprop="thumbnailUrl" ><img data-avia-tooltip='Sala 2 Romanización' src='https://www.museodelarioja.es/museoromanizacion/wp-content/uploads/sala-II-romanización_2_1200x556-495x400.jpg' width='495' height='400'  title='sala II romanización_2_1200x556' alt='Sala 2 Romanización' /></a></div></div>
