{"id":2583,"date":"2013-10-18T09:30:32","date_gmt":"2013-10-18T09:30:32","guid":{"rendered":"http:\/\/www.museodelarioja.es\/museoromanizacion\/?page_id=2583"},"modified":"2015-05-19T11:13:57","modified_gmt":"2015-05-19T11:13:57","slug":"historia-de-la-coleccion","status":"publish","type":"page","link":"https:\/\/www.museodelarioja.es\/museoromanizacion\/el-museo\/historia-de-la-coleccion\/","title":{"rendered":"Historia de la colecci\u00f3n"},"content":{"rendered":"<div id='layer_slider_1'  class='avia-layerslider main_color avia-shadow  avia-builder-el-0  el_before_av_heading  avia-builder-el-first  container_wrap sidebar_left' style='  height: 401px;' ><\/div><div id='after_layer_slider_1'  class='main_color av_default_container_wrap container_wrap sidebar_left' style=' '  ><div class='container' ><div class='template-page content  av-content-small units'><div class='post-entry post-entry-type-page post-entry-2583'><div class='entry-content-wrapper clearfix'>\n<div  style='padding-bottom:10px; ' class='av-special-heading av-special-heading-h3    avia-builder-el-1  el_after_av_layerslider  avia-builder-el-no-sibling  '><h3 class='av-special-heading-tag '  itemprop=\"headline\"  >EL MUSEO: Historia de la colecci\u00f3n<\/h3><div class='special-heading-border'><div class='special-heading-inner-border' ><\/div><\/div><\/div>\n<div class=\"flex_column av_one_half  flex_column_div first  \" ><section class=\"av_textblock_section \"  itemscope=\"itemscope\" itemtype=\"https:\/\/schema.org\/CreativeWork\" ><div class='avia_textblock  '   itemprop=\"text\" ><p style=\"text-align: justify;\">El Museo Municipal de Calahorra ten\u00eda desde antiguo una colecci\u00f3n de esculturas romanas singulares aparecidas de forma fortuita en distintos puntos de la ciudad, entre las que destaca la famosa \u201cDama de Calahorra\u201d. Pero al convertirse en Secci\u00f3n del Museo de La Rioja, como \u201cMuseo de La Romanizaci\u00f3n\u201d, la colecci\u00f3n que expone se amplia y enriquece<\/p>\n<\/div><\/section><\/div><div class=\"flex_column av_one_half  flex_column_div   \" ><section class=\"av_textblock_section \"  itemscope=\"itemscope\" itemtype=\"https:\/\/schema.org\/CreativeWork\" ><div class='avia_textblock  '   itemprop=\"text\" ><p style=\"text-align: justify;\">con los materiales recuperados en las excavaciones arqueol\u00f3gicas llevadas a cabo en toda la provincia dentro de este \u00e1mbito cronol\u00f3gico y tem\u00e1tico. Es decir se trata de mostrar al visitante la romanizaci\u00f3n de La Rioja desde Alfaro en el extremo Este a Herram\u00e9lluri en el Oeste, y desde Varea en el Norte a los valles cameranos en el Sur.<\/p>\n<\/div><\/section><\/div><\/p>\n","protected":false},"excerpt":{"rendered":"","protected":false},"author":2,"featured_media":0,"parent":2581,"menu_order":0,"comment_status":"open","ping_status":"open","template":"","meta":{"footnotes":""},"class_list":["post-2583","page","type-page","status-publish","hentry"],"_links":{"self":[{"href":"https:\/\/www.museodelarioja.es\/museoromanizacion\/wp-json\/wp\/v2\/pages\/2583","targetHints":{"allow":["GET"]}}],"collection":[{"href":"https:\/\/www.museodelarioja.es\/museoromanizacion\/wp-json\/wp\/v2\/pages"}],"about":[{"href":"https:\/\/www.museodelarioja.es\/museoromanizacion\/wp-json\/wp\/v2\/types\/page"}],"author":[{"embeddable":true,"href":"https:\/\/www.museodelarioja.es\/museoromanizacion\/wp-json\/wp\/v2\/users\/2"}],"replies":[{"embeddable":true,"href":"https:\/\/www.museodelarioja.es\/museoromanizacion\/wp-json\/wp\/v2\/comments?post=2583"}],"version-history":[{"count":17,"href":"https:\/\/www.museodelarioja.es\/museoromanizacion\/wp-json\/wp\/v2\/pages\/2583\/revisions"}],"predecessor-version":[{"id":3544,"href":"https:\/\/www.museodelarioja.es\/museoromanizacion\/wp-json\/wp\/v2\/pages\/2583\/revisions\/3544"}],"up":[{"embeddable":true,"href":"https:\/\/www.museodelarioja.es\/museoromanizacion\/wp-json\/wp\/v2\/pages\/2581"}],"wp:attachment":[{"href":"https:\/\/www.museodelarioja.es\/museoromanizacion\/wp-json\/wp\/v2\/media?parent=2583"}],"curies":[{"name":"wp","href":"https:\/\/api.w.org\/{rel}","templated":true}]}}

Historia de la colección

<div id='layer_slider_1'  class='avia-layerslider main_color avia-shadow  avia-builder-el-0  el_before_av_heading  avia-builder-el-first  container_wrap sidebar_left' style='  height: 401px;' ></div><div id='after_layer_slider_1'  class='main_color av_default_container_wrap container_wrap sidebar_left' style=' '  ><div class='container' ><div class='template-page content  av-content-small units'><div class='post-entry post-entry-type-page post-entry-2583'><div class='entry-content-wrapper clearfix'>
<div  style='padding-bottom:10px; ' class='av-special-heading av-special-heading-h3    avia-builder-el-1  el_after_av_layerslider  avia-builder-el-no-sibling  '><h3 class='av-special-heading-tag '  itemprop="headline"  >EL MUSEO: Historia de la colección</h3><div class='special-heading-border'><div class='special-heading-inner-border' ></div></div></div>
<div class="flex_column av_one_half  flex_column_div first  " ><section class="av_textblock_section "  itemscope="itemscope" itemtype="https://schema.org/CreativeWork" ><div class='avia_textblock  '   itemprop="text" ><p style="text-align: justify;">El Museo Municipal de Calahorra tenía desde antiguo una colección de esculturas romanas singulares aparecidas de forma fortuita en distintos puntos de la ciudad, entre las que destaca la famosa “Dama de Calahorra”. Pero al convertirse en Sección del Museo de La Rioja, como “Museo de La Romanización”, la colección que expone se amplia y enriquece</p>
</div></section></div><div class="flex_column av_one_half  flex_column_div   " ><section class="av_textblock_section "  itemscope="itemscope" itemtype="https://schema.org/CreativeWork" ><div class='avia_textblock  '   itemprop="text" ><p style="text-align: justify;">con los materiales recuperados en las excavaciones arqueológicas llevadas a cabo en toda la provincia dentro de este ámbito cronológico y temático. Es decir se trata de mostrar al visitante la romanización de La Rioja desde Alfaro en el extremo Este a Herramélluri en el Oeste, y desde Varea en el Norte a los valles cameranos en el Sur.</p>
</div></section></div></p>
