{"id":2568,"date":"2013-10-17T17:04:46","date_gmt":"2013-10-17T17:04:46","guid":{"rendered":"http:\/\/www.museodelarioja.es\/museoromanizacion\/?page_id=2568"},"modified":"2015-05-18T09:12:37","modified_gmt":"2015-05-18T09:12:37","slug":"actividades","status":"publish","type":"page","link":"https:\/\/www.museodelarioja.es\/museoromanizacion\/actividades\/","title":{"rendered":"Actividades"},"content":{"rendered":"<div id='layer_slider_1'  class='avia-layerslider main_color avia-shadow  avia-builder-el-0  el_before_av_heading  avia-builder-el-first  container_wrap sidebar_left' style='  height: 375px;' ><\/div><div id='after_layer_slider_1'  class='main_color av_default_container_wrap container_wrap sidebar_left' style=' '  ><div class='container' ><div class='template-page content  av-content-small units'><div class='post-entry post-entry-type-page post-entry-2568'><div class='entry-content-wrapper clearfix'>\n<div  style='padding-bottom:10px; ' class='av-special-heading av-special-heading-h3    avia-builder-el-1  el_after_av_layerslider  el_before_av_tab_container  avia-builder-el-first  '><h3 class='av-special-heading-tag '  itemprop=\"headline\"  >ACTIVIDADES<\/h3><div class='special-heading-border'><div class='special-heading-inner-border' ><\/div><\/div><\/div>\n<div  class=\"tabcontainer   top_tab   avia-builder-el-2  el_after_av_heading  avia-builder-el-last \">\n\n<section class=\"av_tab_section\"  itemscope=\"itemscope\" itemtype=\"https:\/\/schema.org\/CreativeWork\" ><div aria-controls=\"tab-id-1\" role=\"tab\" tabindex=\"0\" data-fake-id=\"#tab-id-1\" class=\"tab active_tab\"  itemprop=\"headline\" ><span class='tab_icon' aria-hidden='true' data-av_icon='\ue8a2' data-av_iconfont='entypo-fontello'><\/span>Exposiciones Temporales<\/div>\n<div id=\"tab-id-1-container\" class=\"tab_content active_tab_content\" aria-hidden=\"false\">\n<div class=\"tab_inner_content invers-color\"  itemprop=\"text\" >\n<h4><strong>Actualmente no hay exposiciones temporales programadas.<\/strong><\/h4>\n\n<\/div>\n<\/div>\n<\/section>\n\n<section class=\"av_tab_section\"  itemscope=\"itemscope\" itemtype=\"https:\/\/schema.org\/CreativeWork\" ><div aria-controls=\"tab-id-2\" role=\"tab\" tabindex=\"0\" data-fake-id=\"#tab-id-2\" class=\"tab \"  itemprop=\"headline\" ><span class='tab_icon' aria-hidden='true' data-av_icon='\ue80c' data-av_iconfont='entypo-fontello'><\/span>Prestamos<\/div>\n<div id=\"tab-id-2-container\" class=\"tab_content \" aria-hidden=\"true\">\n<div class=\"tab_inner_content invers-color\"  itemprop=\"text\" >\n<p style=\"text-align: justify;\">Todo pr\u00e9stamo de Bienes de Inter\u00e9s Cultural de un Museo de titularidad estatal est\u00e1 condicionado a la aceptaci\u00f3n por parte del prestatario de una serie de condiciones que figuran en el documento que se puede descargar desde esta p\u00e1gina, cuyo original, debidamente firmado, ha de ser remitido \u00a0al Museo de La Rioja en prueba de su aceptaci\u00f3n.<\/p>\n<p style=\"text-align: justify;\">\u00a0Dicha petici\u00f3n se realizar\u00e1 por escrito, mediante el env\u00edo de una solicitud a la Direcci\u00f3n del Museo. En la solicitud se deber\u00e1 incluir, como m\u00ednimo, la siguiente informaci\u00f3n:<\/p>\n<ul style=\"text-align: justify;\">\n<li>Relaci\u00f3n de objetos solicitados en pr\u00e9stamo, incluyendo, como m\u00ednimo, la identificaci\u00f3n precisa de\u00a0 los mismos y, siempre que sea posible, n\u00famero de inventario.<\/li>\n<li>Presentaci\u00f3n del comisario de la exposici\u00f3n y de la entidad organizadora.<\/li>\n<li>Contenido de la exposici\u00f3n y proyecto expositivo.<\/li>\n<li>Fechas de la exposici\u00f3n y posibles itinerancias.<\/li>\n<li>Caracter\u00edsticas de las salas de exposici\u00f3n: condiciones ambientales, medidas de seguridad, etc.<\/li>\n<\/ul>\n<h5><strong>Descarga de documentos:<\/strong><\/h5>\n<p><strong>Anexo I<\/strong> <a href=\"http:\/\/www.museodelarioja.es\/museoromanizacion\/wp-content\/uploads\/Anexo-I-relaci\u00f3n-de-piezas.rtf\">Relaci\u00f3n de piezas<\/a>.<\/p>\n<p><strong>Anexo II<\/strong> <a href=\"http:\/\/www.museodelarioja.es\/museoromanizacion\/wp-content\/uploads\/Anexo-II-Condiciones-de-Pr\u00e9stamo.rtf\">Condiciones de Pr\u00e9stamo<\/a><\/p>\n\n<\/div>\n<\/div>\n<\/section>\n\n<\/div>\n\n","protected":false},"excerpt":{"rendered":"","protected":false},"author":2,"featured_media":0,"parent":0,"menu_order":4,"comment_status":"open","ping_status":"closed","template":"","meta":{"footnotes":""},"class_list":["post-2568","page","type-page","status-publish","hentry"],"_links":{"self":[{"href":"https:\/\/www.museodelarioja.es\/museoromanizacion\/wp-json\/wp\/v2\/pages\/2568","targetHints":{"allow":["GET"]}}],"collection":[{"href":"https:\/\/www.museodelarioja.es\/museoromanizacion\/wp-json\/wp\/v2\/pages"}],"about":[{"href":"https:\/\/www.museodelarioja.es\/museoromanizacion\/wp-json\/wp\/v2\/types\/page"}],"author":[{"embeddable":true,"href":"https:\/\/www.museodelarioja.es\/museoromanizacion\/wp-json\/wp\/v2\/users\/2"}],"replies":[{"embeddable":true,"href":"https:\/\/www.museodelarioja.es\/museoromanizacion\/wp-json\/wp\/v2\/comments?post=2568"}],"version-history":[{"count":17,"href":"https:\/\/www.museodelarioja.es\/museoromanizacion\/wp-json\/wp\/v2\/pages\/2568\/revisions"}],"predecessor-version":[{"id":3530,"href":"https:\/\/www.museodelarioja.es\/museoromanizacion\/wp-json\/wp\/v2\/pages\/2568\/revisions\/3530"}],"wp:attachment":[{"href":"https:\/\/www.museodelarioja.es\/museoromanizacion\/wp-json\/wp\/v2\/media?parent=2568"}],"curies":[{"name":"wp","href":"https:\/\/api.w.org\/{rel}","templated":true}]}}

<div id='layer_slider_1'  class='avia-layerslider main_color avia-shadow  avia-builder-el-0  el_before_av_heading  avia-builder-el-first  container_wrap sidebar_left' style='  height: 375px;' ></div><div id='after_layer_slider_1'  class='main_color av_default_container_wrap container_wrap sidebar_left' style=' '  ><div class='container' ><div class='template-page content  av-content-small units'><div class='post-entry post-entry-type-page post-entry-2568'><div class='entry-content-wrapper clearfix'>
<div  style='padding-bottom:10px; ' class='av-special-heading av-special-heading-h3    avia-builder-el-1  el_after_av_layerslider  el_before_av_tab_container  avia-builder-el-first  '><h3 class='av-special-heading-tag '  itemprop="headline"  >ACTIVIDADES</h3><div class='special-heading-border'><div class='special-heading-inner-border' ></div></div></div>
<div  class="tabcontainer   top_tab   avia-builder-el-2  el_after_av_heading  avia-builder-el-last ">

<section class="av_tab_section"  itemscope="itemscope" itemtype="https://schema.org/CreativeWork" ><div aria-controls="tab-id-1" role="tab" tabindex="0" data-fake-id="#tab-id-1" class="tab active_tab"  itemprop="headline" ><span class='tab_icon' aria-hidden='true' data-av_icon='' data-av_iconfont='entypo-fontello'></span>Exposiciones Temporales</div>
<div id="tab-id-1-container" class="tab_content active_tab_content" aria-hidden="false">
<div class="tab_inner_content invers-color"  itemprop="text" >
<h4><strong>Actualmente no hay exposiciones temporales programadas.</strong></h4>

</div>
</div>
</section>

<section class="av_tab_section"  itemscope="itemscope" itemtype="https://schema.org/CreativeWork" ><div aria-controls="tab-id-2" role="tab" tabindex="0" data-fake-id="#tab-id-2" class="tab "  itemprop="headline" ><span class='tab_icon' aria-hidden='true' data-av_icon='' data-av_iconfont='entypo-fontello'></span>Prestamos</div>
<div id="tab-id-2-container" class="tab_content " aria-hidden="true">
<div class="tab_inner_content invers-color"  itemprop="text" >
<p style="text-align: justify;">Todo préstamo de Bienes de Interés Cultural de un Museo de titularidad estatal está condicionado a la aceptación por parte del prestatario de una serie de condiciones que figuran en el documento que se puede descargar desde esta página, cuyo original, debidamente firmado, ha de ser remitido  al Museo de La Rioja en prueba de su aceptación.</p>
<p style="text-align: justify;"> Dicha petición se realizará por escrito, mediante el envío de una solicitud a la Dirección del Museo. En la solicitud se deberá incluir, como mínimo, la siguiente información:</p>
<ul style="text-align: justify;">
<li>Relación de objetos solicitados en préstamo, incluyendo, como mínimo, la identificación precisa de  los mismos y, siempre que sea posible, número de inventario.</li>
<li>Presentación del comisario de la exposición y de la entidad organizadora.</li>
<li>Contenido de la exposición y proyecto expositivo.</li>
<li>Fechas de la exposición y posibles itinerancias.</li>
<li>Características de las salas de exposición: condiciones ambientales, medidas de seguridad, etc.</li>
</ul>
<h5><strong>Descarga de documentos:</strong></h5>
<p><strong>Anexo I</strong> <a href="http://www.museodelarioja.es/museoromanizacion/wp-content/uploads/Anexo-I-relación-de-piezas.rtf">Relación de piezas</a>.</p>
<p><strong>Anexo II</strong> <a href="http://www.museodelarioja.es/museoromanizacion/wp-content/uploads/Anexo-II-Condiciones-de-Préstamo.rtf">Condiciones de Préstamo</a></p>

</div>
</div>
</section>

</div>
