{"id":2562,"date":"2013-10-17T17:03:11","date_gmt":"2013-10-17T17:03:11","guid":{"rendered":"http:\/\/www.museodelarioja.es\/museoromanizacion\/?page_id=2562"},"modified":"2013-12-11T12:11:29","modified_gmt":"2013-12-11T12:11:29","slug":"noticias","status":"publish","type":"page","link":"https:\/\/www.museodelarioja.es\/museoromanizacion\/noticias\/","title":{"rendered":"Noticias"},"content":{"rendered":"<div  class='av-alb-blogposts template-blog  '  itemscope=\"itemscope\" itemtype=\"https:\/\/schema.org\/Blog\" ><article class='post-entry post-entry-type-standard post-entry-3557 post-loop-1 post-parity-odd multi-big  post-3557 post type-post status-publish format-standard hentry category-noticias'  itemscope=\"itemscope\" itemtype=\"https:\/\/schema.org\/BlogPosting\" ><div class='blog-meta'><a href='https:\/\/www.museodelarioja.es\/museoromanizacion\/author\/inma-y-jose-antonio-museo\/' class='post-author-format-type'><span class='rounded-container'><img alt='Inma y Jose Antonio Museo' src='https:\/\/secure.gravatar.com\/avatar\/0a3b6e26229d5fa5330df8f543578001affdb14de59cf0bb2356a49378b55c4f?s=81&#038;d=blank&#038;r=g' srcset='https:\/\/secure.gravatar.com\/avatar\/0a3b6e26229d5fa5330df8f543578001affdb14de59cf0bb2356a49378b55c4f?s=162&#038;d=blank&#038;r=g 2x' class='avatar avatar-81 photo' height='81' width='81' \/><span class=\"iconfont\" aria-hidden='true' data-av_icon='\ue836' data-av_iconfont='entypo-fontello'><\/span><\/span><\/a><\/div><div class='entry-content-wrapper clearfix standard-content'><header class=\"entry-content-header\"><h2 class='post-title entry-title '  itemprop=\"headline\" >\t<a href='https:\/\/www.museodelarioja.es\/museoromanizacion\/18-de-mayo-dia-internacional-de-los-museos\/' rel='bookmark' title='Enlace permanente: 18 DE MAYO &#8211; D\u00cdA INTERNACIONAL DE LOS  MUSEOS'>18 DE MAYO &#8211; D\u00cdA INTERNACIONAL DE LOS  MUSEOS\t\t\t<span class='post-format-icon minor-meta'><\/span>\t<\/a><\/h2><span class='post-meta-infos'><time class='date-container minor-meta updated' >16 mayo, 2018<\/time><span class='text-sep text-sep-date'>\/<\/span><span class='comment-container minor-meta'><a href=\"https:\/\/www.museodelarioja.es\/museoromanizacion\/18-de-mayo-dia-internacional-de-los-museos\/#respond\" class=\"comments-link\" >0 Comentarios<\/a><\/span><span class='text-sep text-sep-comment'>\/<\/span><span class=\"blog-categories minor-meta\">en <a href=\"https:\/\/www.museodelarioja.es\/museoromanizacion\/category\/noticias\/\" rel=\"tag\">Noticias<\/a> <\/span><span class=\"text-sep text-sep-cat\">\/<\/span><span class=\"blog-author minor-meta\">por <span class=\"entry-author-link\"  itemprop=\"author\" ><span class=\"author\"><span class=\"fn\"><a href=\"https:\/\/www.museodelarioja.es\/museoromanizacion\/author\/inma-y-jose-antonio-museo\/\" title=\"Entradas de Inma y Jose Antonio Museo\" rel=\"author\">Inma y Jose Antonio Museo<\/a><\/span><\/span><\/span><\/span><\/span><\/header><div class=\"entry-content\"  itemprop=\"text\" ><p>Taller participativo: \u00abQu\u00e9 se com\u00eda y beb\u00eda en la antigua Calagurris\u00ab. Alimentos, vajilla de cocina y de mesa, recipientes de almacenaje, vasos para beber&#8230;. D\u00eda: Jueves, 17 de mayo de 2018. Hora: 11:00 h. Punto de encuentro: La entrada del Museo de la Romanizaci\u00f3n.<\/p>\n<div class=\"read-more-link\"><a href=\"https:\/\/www.museodelarioja.es\/museoromanizacion\/18-de-mayo-dia-internacional-de-los-museos\/\" class=\"more-link\">Leer m\u00e1s<span class=\"more-link-arrow\"><\/span><\/a><\/div>\n<\/div><footer class=\"entry-footer\"><\/footer><div class='post_delimiter'><\/div><\/div><div class='post_author_timeline'><\/div><span class='hidden'>\n\t\t\t\t<span class='av-structured-data'  itemprop=\"image\" itemscope=\"itemscope\" itemtype=\"https:\/\/schema.org\/ImageObject\" >\n\t\t\t\t\t\t<span itemprop='url'>http:\/\/www.museodelarioja.es\/museoromanizacion\/wp-content\/uploads\/LOGOMU1.jpg<\/span>\n\t\t\t\t\t\t<span itemprop='height'>0<\/span>\n\t\t\t\t\t\t<span itemprop='width'>0<\/span>\n\t\t\t\t<\/span>\n\t\t\t\t<span class='av-structured-data'  itemprop=\"publisher\" itemtype=\"https:\/\/schema.org\/Organization\" itemscope=\"itemscope\" >\n\t\t\t\t\t\t<span itemprop='name'>Inma y Jose Antonio Museo<\/span>\n\t\t\t\t\t\t<span itemprop='logo' itemscope itemtype='https:\/\/schema.org\/ImageObject'>\n\t\t\t\t\t\t\t<span itemprop='url'>http:\/\/www.museodelarioja.es\/museoromanizacion\/wp-content\/uploads\/LOGOMU1.jpg<\/span>\n\t\t\t\t\t\t <\/span>\n\t\t\t\t<\/span><span class='av-structured-data'  itemprop=\"author\" itemscope=\"itemscope\" itemtype=\"https:\/\/schema.org\/Person\" ><span itemprop='name'>Inma y Jose Antonio Museo<\/span><\/span><span class='av-structured-data'  itemprop=\"datePublished\" datetime=\"2018-05-16T12:34:43+00:00\" >2018-05-16 12:34:43<\/span><span class='av-structured-data'  itemprop=\"dateModified\" itemtype=\"https:\/\/schema.org\/dateModified\" >2018-05-16 12:41:54<\/span><span class='av-structured-data'  itemprop=\"mainEntityOfPage\" itemtype=\"https:\/\/schema.org\/mainEntityOfPage\" ><span itemprop='name'>18 DE MAYO &#8211; D\u00cdA INTERNACIONAL DE LOS  MUSEOS<\/span><\/span><\/span><\/article><article class='post-entry post-entry-type-standard post-entry-3312 post-loop-2 post-parity-even multi-big with-slider post-3312 post type-post status-publish format-standard has-post-thumbnail hentry category-noticias'  itemscope=\"itemscope\" itemtype=\"https:\/\/schema.org\/BlogPosting\" ><div class=\"big-preview multi-big\"><a href=\"https:\/\/www.museodelarioja.es\/museoromanizacion\/una-web-para-un-museo-del-s-xxi\/\"  title=\"Una nueva web para un Museo del S. XXI.\" ><img loading=\"lazy\" decoding=\"async\" width=\"710\" height=\"270\" src=\"https:\/\/www.museodelarioja.es\/museoromanizacion\/wp-content\/uploads\/web_museo1-710x270.jpg\" class=\"attachment-entry_with_sidebar size-entry_with_sidebar wp-post-image\" alt=\"Una nueva web para un Museo del S. XXI.\" \/><\/a><\/div><div class='blog-meta'><a href='https:\/\/www.museodelarioja.es\/museoromanizacion\/author\/admin\/' class='post-author-format-type'><span class='rounded-container'><img alt='admin' src='https:\/\/secure.gravatar.com\/avatar\/e8230b393a347c5adc3293ba21a921706361eed3a62fedf1774d4c0db6c9c27b?s=81&#038;d=blank&#038;r=g' srcset='https:\/\/secure.gravatar.com\/avatar\/e8230b393a347c5adc3293ba21a921706361eed3a62fedf1774d4c0db6c9c27b?s=162&#038;d=blank&#038;r=g 2x' class='avatar avatar-81 photo' height='81' width='81' \/><span class=\"iconfont\" aria-hidden='true' data-av_icon='\ue836' data-av_iconfont='entypo-fontello'><\/span><\/span><\/a><\/div><div class='entry-content-wrapper clearfix standard-content'><header class=\"entry-content-header\"><h2 class='post-title entry-title '  itemprop=\"headline\" >\t<a href='https:\/\/www.museodelarioja.es\/museoromanizacion\/una-web-para-un-museo-del-s-xxi\/' rel='bookmark' title='Enlace permanente: Una web para un museo del S. XXI'>Una web para un museo del S. XXI\t\t\t<span class='post-format-icon minor-meta'><\/span>\t<\/a><\/h2><span class='post-meta-infos'><time class='date-container minor-meta updated' >11 mayo, 2015<\/time><span class='text-sep text-sep-date'>\/<\/span><span class='comment-container minor-meta'><a href=\"https:\/\/www.museodelarioja.es\/museoromanizacion\/una-web-para-un-museo-del-s-xxi\/#respond\" class=\"comments-link\" >0 Comentarios<\/a><\/span><span class='text-sep text-sep-comment'>\/<\/span><span class=\"blog-categories minor-meta\">en <a href=\"https:\/\/www.museodelarioja.es\/museoromanizacion\/category\/noticias\/\" rel=\"tag\">Noticias<\/a> <\/span><span class=\"text-sep text-sep-cat\">\/<\/span><span class=\"blog-author minor-meta\">por <span class=\"entry-author-link\"  itemprop=\"author\" ><span class=\"author\"><span class=\"fn\"><a href=\"https:\/\/www.museodelarioja.es\/museoromanizacion\/author\/admin\/\" title=\"Entradas de admin\" rel=\"author\">admin<\/a><\/span><\/span><\/span><\/span><\/span><\/header><div class=\"entry-content\"  itemprop=\"text\" ><p>Durante los m\u00e1s de nueve a\u00f1os que ha estado cerrado, que no inactivo, el mundo ha evolucionado de forma decisiva. La nueva puerta creada por internet y la utilizaci\u00f3n de nuevos dispositivos de acceso a la informaci\u00f3n, han hecho que la relaci\u00f3n de los ciudadanos con la cultura cambie, se transforme y evolucione. La puesta [&hellip;]<\/p>\n<div class=\"read-more-link\"><a href=\"https:\/\/www.museodelarioja.es\/museoromanizacion\/una-web-para-un-museo-del-s-xxi\/\" class=\"more-link\">Leer m\u00e1s<span class=\"more-link-arrow\"><\/span><\/a><\/div>\n<\/div><footer class=\"entry-footer\"><\/footer><div class='post_delimiter'><\/div><\/div><div class='post_author_timeline'><\/div><span class='hidden'>\n\t\t\t\t<span class='av-structured-data'  itemprop=\"image\" itemscope=\"itemscope\" itemtype=\"https:\/\/schema.org\/ImageObject\" >\n\t\t\t\t\t\t<span itemprop='url'>https:\/\/www.museodelarioja.es\/museoromanizacion\/wp-content\/uploads\/web_museo1.jpg<\/span>\n\t\t\t\t\t\t<span itemprop='height'>535<\/span>\n\t\t\t\t\t\t<span itemprop='width'>1200<\/span>\n\t\t\t\t<\/span>\n\t\t\t\t<span class='av-structured-data'  itemprop=\"publisher\" itemtype=\"https:\/\/schema.org\/Organization\" itemscope=\"itemscope\" >\n\t\t\t\t\t\t<span itemprop='name'>admin<\/span>\n\t\t\t\t\t\t<span itemprop='logo' itemscope itemtype='https:\/\/schema.org\/ImageObject'>\n\t\t\t\t\t\t\t<span itemprop='url'>http:\/\/www.museodelarioja.es\/museoromanizacion\/wp-content\/uploads\/LOGOMU1.jpg<\/span>\n\t\t\t\t\t\t <\/span>\n\t\t\t\t<\/span><span class='av-structured-data'  itemprop=\"author\" itemscope=\"itemscope\" itemtype=\"https:\/\/schema.org\/Person\" ><span itemprop='name'>admin<\/span><\/span><span class='av-structured-data'  itemprop=\"datePublished\" datetime=\"2015-05-11T11:09:22+00:00\" >2015-05-11 11:09:22<\/span><span class='av-structured-data'  itemprop=\"dateModified\" itemtype=\"https:\/\/schema.org\/dateModified\" >2015-05-18 16:56:53<\/span><span class='av-structured-data'  itemprop=\"mainEntityOfPage\" itemtype=\"https:\/\/schema.org\/mainEntityOfPage\" ><span itemprop='name'>Una web para un museo del S. XXI<\/span><\/span><\/span><\/article><article class='post-entry post-entry-type-standard post-entry-2773 post-loop-3 post-parity-odd post-entry-last multi-big with-slider post-2773 post type-post status-publish format-standard has-post-thumbnail hentry category-noticias'  itemscope=\"itemscope\" itemtype=\"https:\/\/schema.org\/BlogPosting\" ><div class=\"big-preview multi-big\"><a href=\"https:\/\/www.museodelarioja.es\/museoromanizacion\/se-innaugura-el-museo\/\"  title=\"LA REAPERTURA DEL MUSEO DE LA RIOJA\" ><img loading=\"lazy\" decoding=\"async\" width=\"710\" height=\"270\" src=\"https:\/\/www.museodelarioja.es\/museoromanizacion\/wp-content\/uploads\/mmarin-7-710x270.jpg\" class=\"attachment-entry_with_sidebar size-entry_with_sidebar wp-post-image\" alt=\"LA REAPERTURA DEL MUSEO DE LA RIOJA\" \/><\/a><\/div><div class='blog-meta'><a href='https:\/\/www.museodelarioja.es\/museoromanizacion\/author\/admin\/' class='post-author-format-type'><span class='rounded-container'><img alt='admin' src='https:\/\/secure.gravatar.com\/avatar\/e8230b393a347c5adc3293ba21a921706361eed3a62fedf1774d4c0db6c9c27b?s=81&#038;d=blank&#038;r=g' srcset='https:\/\/secure.gravatar.com\/avatar\/e8230b393a347c5adc3293ba21a921706361eed3a62fedf1774d4c0db6c9c27b?s=162&#038;d=blank&#038;r=g 2x' class='avatar avatar-81 photo' height='81' width='81' \/><span class=\"iconfont\" aria-hidden='true' data-av_icon='\ue836' data-av_iconfont='entypo-fontello'><\/span><\/span><\/a><\/div><div class='entry-content-wrapper clearfix standard-content'><header class=\"entry-content-header\"><h2 class='post-title entry-title '  itemprop=\"headline\" >\t<a href='https:\/\/www.museodelarioja.es\/museoromanizacion\/se-innaugura-el-museo\/' rel='bookmark' title='Enlace permanente: La reapertura del Museo de La Rioja'>La reapertura del Museo de La Rioja\t\t\t<span class='post-format-icon minor-meta'><\/span>\t<\/a><\/h2><span class='post-meta-infos'><time class='date-container minor-meta updated' >22 octubre, 2013<\/time><span class='text-sep text-sep-date'>\/<\/span><span class='comment-container minor-meta'><a href=\"https:\/\/www.museodelarioja.es\/museoromanizacion\/se-innaugura-el-museo\/#respond\" class=\"comments-link\" >0 Comentarios<\/a><\/span><span class='text-sep text-sep-comment'>\/<\/span><span class=\"blog-categories minor-meta\">en <a href=\"https:\/\/www.museodelarioja.es\/museoromanizacion\/category\/noticias\/\" rel=\"tag\">Noticias<\/a> <\/span><span class=\"text-sep text-sep-cat\">\/<\/span><span class=\"blog-author minor-meta\">por <span class=\"entry-author-link\"  itemprop=\"author\" ><span class=\"author\"><span class=\"fn\"><a href=\"https:\/\/www.museodelarioja.es\/museoromanizacion\/author\/admin\/\" title=\"Entradas de admin\" rel=\"author\">admin<\/a><\/span><\/span><\/span><\/span><\/span><\/header><div class=\"entry-content\"  itemprop=\"text\" ><p>Tras nueve cerrado al p\u00fablico, el Museo de La Rioja reabre sus puertas al p\u00fablico en su sede hist\u00f3rica, una vez rehabilitada, y en su ampliaci\u00f3n, de reciente construcci\u00f3n. El museo, adem\u00e1s, se dota de una moderna exposici\u00f3n permanente y de un conjunto de equipamientos p\u00fablicos que permitir\u00e1n el adecuado funcionamiento de la instituci\u00f3n. La [&hellip;]<\/p>\n<div class=\"read-more-link\"><a href=\"https:\/\/www.museodelarioja.es\/museoromanizacion\/se-innaugura-el-museo\/\" class=\"more-link\">Leer m\u00e1s<span class=\"more-link-arrow\"><\/span><\/a><\/div>\n<\/div><footer class=\"entry-footer\"><\/footer><div class='post_delimiter'><\/div><\/div><div class='post_author_timeline'><\/div><span class='hidden'>\n\t\t\t\t<span class='av-structured-data'  itemprop=\"image\" itemscope=\"itemscope\" itemtype=\"https:\/\/schema.org\/ImageObject\" >\n\t\t\t\t\t\t<span itemprop='url'>https:\/\/www.museodelarioja.es\/museoromanizacion\/wp-content\/uploads\/mmarin-7.jpg<\/span>\n\t\t\t\t\t\t<span itemprop='height'>800<\/span>\n\t\t\t\t\t\t<span itemprop='width'>1200<\/span>\n\t\t\t\t<\/span>\n\t\t\t\t<span class='av-structured-data'  itemprop=\"publisher\" itemtype=\"https:\/\/schema.org\/Organization\" itemscope=\"itemscope\" >\n\t\t\t\t\t\t<span itemprop='name'>admin<\/span>\n\t\t\t\t\t\t<span itemprop='logo' itemscope itemtype='https:\/\/schema.org\/ImageObject'>\n\t\t\t\t\t\t\t<span itemprop='url'>http:\/\/www.museodelarioja.es\/museoromanizacion\/wp-content\/uploads\/LOGOMU1.jpg<\/span>\n\t\t\t\t\t\t <\/span>\n\t\t\t\t<\/span><span class='av-structured-data'  itemprop=\"author\" itemscope=\"itemscope\" itemtype=\"https:\/\/schema.org\/Person\" ><span itemprop='name'>admin<\/span><\/span><span class='av-structured-data'  itemprop=\"datePublished\" datetime=\"2013-10-22T12:29:00+00:00\" >2013-10-22 12:29:00<\/span><span class='av-structured-data'  itemprop=\"dateModified\" itemtype=\"https:\/\/schema.org\/dateModified\" >2015-05-18 16:56:53<\/span><span class='av-structured-data'  itemprop=\"mainEntityOfPage\" itemtype=\"https:\/\/schema.org\/mainEntityOfPage\" ><span itemprop='name'>La reapertura del Museo de La Rioja<\/span><\/span><\/span><\/article><div class='multi-big'><\/div><\/div>\n","protected":false},"excerpt":{"rendered":"","protected":false},"author":2,"featured_media":0,"parent":0,"menu_order":6,"comment_status":"open","ping_status":"closed","template":"","meta":{"footnotes":""},"class_list":["post-2562","page","type-page","status-publish","hentry"],"_links":{"self":[{"href":"https:\/\/www.museodelarioja.es\/museoromanizacion\/wp-json\/wp\/v2\/pages\/2562","targetHints":{"allow":["GET"]}}],"collection":[{"href":"https:\/\/www.museodelarioja.es\/museoromanizacion\/wp-json\/wp\/v2\/pages"}],"about":[{"href":"https:\/\/www.museodelarioja.es\/museoromanizacion\/wp-json\/wp\/v2\/types\/page"}],"author":[{"embeddable":true,"href":"https:\/\/www.museodelarioja.es\/museoromanizacion\/wp-json\/wp\/v2\/users\/2"}],"replies":[{"embeddable":true,"href":"https:\/\/www.museodelarioja.es\/museoromanizacion\/wp-json\/wp\/v2\/comments?post=2562"}],"version-history":[{"count":15,"href":"https:\/\/www.museodelarioja.es\/museoromanizacion\/wp-json\/wp\/v2\/pages\/2562\/revisions"}],"predecessor-version":[{"id":2769,"href":"https:\/\/www.museodelarioja.es\/museoromanizacion\/wp-json\/wp\/v2\/pages\/2562\/revisions\/2769"}],"wp:attachment":[{"href":"https:\/\/www.museodelarioja.es\/museoromanizacion\/wp-json\/wp\/v2\/media?parent=2562"}],"curies":[{"name":"wp","href":"https:\/\/api.w.org\/{rel}","templated":true}]}}