{"id":2559,"date":"2013-10-17T17:02:52","date_gmt":"2013-10-17T17:02:52","guid":{"rendered":"http:\/\/www.museodelarioja.es\/museoromanizacion\/?page_id=2559"},"modified":"2015-05-18T10:32:21","modified_gmt":"2015-05-18T10:32:21","slug":"difusion","status":"publish","type":"page","link":"https:\/\/www.museodelarioja.es\/museoromanizacion\/difusion\/","title":{"rendered":"Divulgaci\u00f3n"},"content":{"rendered":"<div id='layer_slider_1'  class='avia-layerslider main_color avia-shadow  avia-builder-el-0  el_before_av_heading  avia-builder-el-first  container_wrap sidebar_left' style='  height: 401px;' ><\/div><div id='after_layer_slider_1'  class='main_color av_default_container_wrap container_wrap sidebar_left' style=' '  ><div class='container' ><div class='template-page content  av-content-small units'><div class='post-entry post-entry-type-page post-entry-2559'><div class='entry-content-wrapper clearfix'>\n<div  style='padding-bottom:10px; ' class='av-special-heading av-special-heading-h3    avia-builder-el-1  el_after_av_layerslider  el_before_av_one_third  avia-builder-el-first  '><h3 class='av-special-heading-tag '  itemprop=\"headline\"  >DIVULGACI\u00d3N<\/h3><div class='special-heading-border'><div class='special-heading-inner-border' ><\/div><\/div><\/div>\n<div class=\"flex_column av_one_third  flex_column_div first  avia-builder-el-2  el_after_av_heading  el_before_av_two_third  \" ><article  class=\"iconbox iconbox_left    avia-builder-el-3  avia-builder-el-no-sibling  \"  itemscope=\"itemscope\" itemtype=\"https:\/\/schema.org\/CreativeWork\" ><div class=\"iconbox_content\"><header class=\"entry-content-header\"><div class=\"iconbox_icon heading-color \" aria-hidden='true' data-av_icon='\ue854' data-av_iconfont='entypo-fontello'  ><\/div><h3 class='iconbox_content_title  '  itemprop=\"headline\"  >Solicitud:<\/h3><\/header><div class='iconbox_content_container  '  itemprop=\"text\"  ><p>museo@larioja.org<br \/>\ndepartamentodidactico@larioja.org<br \/>\n941 105 063<\/p>\n<\/div><\/div><footer class=\"entry-footer\"><\/footer><\/article><\/div><div class=\"flex_column av_two_third  flex_column_div   avia-builder-el-4  el_after_av_one_third  el_before_av_hr  \" ><div  class='avia-gallery  avia-gallery-1 avia_lazyload avia-gallery-animate avia_animate_when_visible  avia-builder-el-5  avia-builder-el-no-sibling '  itemprop=\"image\" itemscope=\"itemscope\" itemtype=\"https:\/\/schema.org\/ImageObject\" ><div class='avia-gallery-thumb'> <a href='https:\/\/www.museodelarioja.es\/museoromanizacion\/wp-content\/uploads\/TallerTelar-1030x775.jpg' data-rel='gallery-1' data-prev-img='https:\/\/www.museodelarioja.es\/museoromanizacion\/wp-content\/uploads\/TallerTelar-495x400.jpg' class='first_thumb lightbox ' data-onclick='1' title=''  itemprop=\"thumbnailUrl\" ><img  src='https:\/\/www.museodelarioja.es\/museoromanizacion\/wp-content\/uploads\/TallerTelar-495x400.jpg' width='495' height='400'  title='Taller telar' alt='Taller Telar' \/><\/a> <a href='https:\/\/www.museodelarioja.es\/museoromanizacion\/wp-content\/uploads\/Difusi\u00f3n2-1030x772.jpg' data-rel='gallery-1' data-prev-img='https:\/\/www.museodelarioja.es\/museoromanizacion\/wp-content\/uploads\/Difusi\u00f3n2-495x400.jpg' class='lightbox ' data-onclick='2' title=''  itemprop=\"thumbnailUrl\" ><img  src='https:\/\/www.museodelarioja.es\/museoromanizacion\/wp-content\/uploads\/Difusi\u00f3n2-495x400.jpg' width='495' height='400'  title='Taller dibujo' alt='Taller dibujo' \/><\/a> <a href='https:\/\/www.museodelarioja.es\/museoromanizacion\/wp-content\/uploads\/TallerBarro-1030x870.jpg' data-rel='gallery-1' data-prev-img='https:\/\/www.museodelarioja.es\/museoromanizacion\/wp-content\/uploads\/TallerBarro-495x400.jpg' class='lightbox ' data-onclick='3' title=''  itemprop=\"thumbnailUrl\" ><img  src='https:\/\/www.museodelarioja.es\/museoromanizacion\/wp-content\/uploads\/TallerBarro-495x400.jpg' width='495' height='400'  title='Taller barro' alt='Cer\u00e1mica' \/><\/a> <a href='https:\/\/www.museodelarioja.es\/museoromanizacion\/wp-content\/uploads\/TallerColor.jpg' data-rel='gallery-1' data-prev-img='https:\/\/www.museodelarioja.es\/museoromanizacion\/wp-content\/uploads\/TallerColor-495x400.jpg' class='lightbox ' data-onclick='4' title=''  itemprop=\"thumbnailUrl\" ><img  src='https:\/\/www.museodelarioja.es\/museoromanizacion\/wp-content\/uploads\/TallerColor-495x400.jpg' width='495' height='400'  title='Taller color' alt='Acuarela' \/><\/a> <a href='https:\/\/www.museodelarioja.es\/museoromanizacion\/wp-content\/uploads\/TallerLoza.jpg' data-rel='gallery-1' data-prev-img='https:\/\/www.museodelarioja.es\/museoromanizacion\/wp-content\/uploads\/TallerLoza-495x400.jpg' class='lightbox ' data-onclick='5' title=''  itemprop=\"thumbnailUrl\" ><img  src='https:\/\/www.museodelarioja.es\/museoromanizacion\/wp-content\/uploads\/TallerLoza-495x400.jpg' width='495' height='400'  title='Taller cer\u00e1mica' alt='Dibujo cer\u00e1mica' \/><\/a> <a href='https:\/\/www.museodelarioja.es\/museoromanizacion\/wp-content\/uploads\/TallerMosaico-1030x843.jpg' data-rel='gallery-1' data-prev-img='https:\/\/www.museodelarioja.es\/museoromanizacion\/wp-content\/uploads\/TallerMosaico-495x400.jpg' class='lightbox ' data-onclick='6' title=''  itemprop=\"thumbnailUrl\" ><img  src='https:\/\/www.museodelarioja.es\/museoromanizacion\/wp-content\/uploads\/TallerMosaico-495x400.jpg' width='495' height='400'  title='Taller mosaicos' alt='Revestimiento con cer\u00e1mica' \/><\/a><\/div><\/div><\/div><\/p>\n<div   class='hr hr-default   avia-builder-el-6  el_after_av_two_third  el_before_av_one_half '><span class='hr-inner ' ><span class='hr-inner-style'><\/span><\/span><\/div>\n<div class=\"flex_column av_one_half  flex_column_div first  avia-builder-el-7  el_after_av_hr  el_before_av_one_half  \" ><p><div  style='padding-bottom:4px; ' class='av-special-heading av-special-heading-h4    avia-builder-el-8  el_before_av_tab_container  avia-builder-el-first  '><h4 class='av-special-heading-tag '  itemprop=\"headline\"  >Para centros docentes<\/h4><div class='special-heading-border'><div class='special-heading-inner-border' ><\/div><\/div><\/div><br \/>\n<div  class=\"tabcontainer   sidebar_tab sidebar_tab_left border_tabs  avia-builder-el-9  el_after_av_heading  avia-builder-el-last \">\n\n<section class=\"av_tab_section\"  itemscope=\"itemscope\" itemtype=\"https:\/\/schema.org\/CreativeWork\" ><div aria-controls=\"tab-id-1\" role=\"tab\" tabindex=\"0\" data-fake-id=\"#tab-id-1\" class=\"tab active_tab\"  itemprop=\"headline\" >Visitas comentadas<\/div>\n<div id=\"tab-id-1-container\" class=\"tab_content active_tab_content\" aria-hidden=\"false\">\n<div class=\"tab_inner_content invers-color\"  itemprop=\"text\" >\n<p><strong>Descripci\u00f3n<\/strong>: Con car\u00e1cter general o especializado seg\u00fan la demanda de los centros, en las salas de la colecci\u00f3n permanente o de las exposiciones temporales.<\/p>\n<p><strong>Duraci\u00f3n aproximada<\/strong>:\u00a0\u00a0 1 hora.<\/p>\n\n<\/div>\n<\/div>\n<\/section>\n\n<\/div>\n<\/p><\/div>\n<div class=\"flex_column av_one_half  flex_column_div   avia-builder-el-10  el_after_av_one_half  el_before_av_hr  \" ><p><div  style='padding-bottom:4px; ' class='av-special-heading av-special-heading-h4    avia-builder-el-11  el_before_av_tab_container  avia-builder-el-first  '><h4 class='av-special-heading-tag '  itemprop=\"headline\"  >Para todos los p\u00fablicos<\/h4><div class='special-heading-border'><div class='special-heading-inner-border' ><\/div><\/div><\/div><br \/>\n<div  class=\"tabcontainer   sidebar_tab sidebar_tab_left border_tabs  avia-builder-el-12  el_after_av_heading  avia-builder-el-last \">\n\n<section class=\"av_tab_section\"  itemscope=\"itemscope\" itemtype=\"https:\/\/schema.org\/CreativeWork\" ><div aria-controls=\"tab-id-2\" role=\"tab\" tabindex=\"0\" data-fake-id=\"#tab-id-2\" class=\"tab active_tab\"  itemprop=\"headline\" >Visitas comentadas<\/div>\n<div id=\"tab-id-2-container\" class=\"tab_content active_tab_content\" aria-hidden=\"false\">\n<div class=\"tab_inner_content invers-color\"  itemprop=\"text\" >\n<p><strong>Descripci\u00f3n<\/strong>: Visita a la colecci\u00f3n permanente.<\/p>\n<p><strong>Duraci\u00f3n aproximada<\/strong>:\u00a0\u00a0 1 hora.<\/p>\n\n<\/div>\n<\/div>\n<\/section>\n\n<\/div>\n<\/p><\/div>\n<div   class='hr hr-default   avia-builder-el-13  el_after_av_one_half  el_before_av_hr '><span class='hr-inner ' ><span class='hr-inner-style'><\/span><\/span><\/div>\n<div   class='hr hr-default   avia-builder-el-14  el_after_av_hr  avia-builder-el-last '><span class='hr-inner ' ><span class='hr-inner-style'><\/span><\/span><\/div>\n","protected":false},"excerpt":{"rendered":"","protected":false},"author":2,"featured_media":0,"parent":0,"menu_order":5,"comment_status":"open","ping_status":"closed","template":"","meta":{"footnotes":""},"class_list":["post-2559","page","type-page","status-publish","hentry"],"_links":{"self":[{"href":"https:\/\/www.museodelarioja.es\/museoromanizacion\/wp-json\/wp\/v2\/pages\/2559","targetHints":{"allow":["GET"]}}],"collection":[{"href":"https:\/\/www.museodelarioja.es\/museoromanizacion\/wp-json\/wp\/v2\/pages"}],"about":[{"href":"https:\/\/www.museodelarioja.es\/museoromanizacion\/wp-json\/wp\/v2\/types\/page"}],"author":[{"embeddable":true,"href":"https:\/\/www.museodelarioja.es\/museoromanizacion\/wp-json\/wp\/v2\/users\/2"}],"replies":[{"embeddable":true,"href":"https:\/\/www.museodelarioja.es\/museoromanizacion\/wp-json\/wp\/v2\/comments?post=2559"}],"version-history":[{"count":28,"href":"https:\/\/www.museodelarioja.es\/museoromanizacion\/wp-json\/wp\/v2\/pages\/2559\/revisions"}],"predecessor-version":[{"id":3532,"href":"https:\/\/www.museodelarioja.es\/museoromanizacion\/wp-json\/wp\/v2\/pages\/2559\/revisions\/3532"}],"wp:attachment":[{"href":"https:\/\/www.museodelarioja.es\/museoromanizacion\/wp-json\/wp\/v2\/media?parent=2559"}],"curies":[{"name":"wp","href":"https:\/\/api.w.org\/{rel}","templated":true}]}}

Divulgación

<div id='layer_slider_1'  class='avia-layerslider main_color avia-shadow  avia-builder-el-0  el_before_av_heading  avia-builder-el-first  container_wrap sidebar_left' style='  height: 401px;' ></div><div id='after_layer_slider_1'  class='main_color av_default_container_wrap container_wrap sidebar_left' style=' '  ><div class='container' ><div class='template-page content  av-content-small units'><div class='post-entry post-entry-type-page post-entry-2559'><div class='entry-content-wrapper clearfix'>
<div  style='padding-bottom:10px; ' class='av-special-heading av-special-heading-h3    avia-builder-el-1  el_after_av_layerslider  el_before_av_one_third  avia-builder-el-first  '><h3 class='av-special-heading-tag '  itemprop="headline"  >DIVULGACIÓN</h3><div class='special-heading-border'><div class='special-heading-inner-border' ></div></div></div>
<div class="flex_column av_one_third  flex_column_div first  avia-builder-el-2  el_after_av_heading  el_before_av_two_third  " ><article  class="iconbox iconbox_left    avia-builder-el-3  avia-builder-el-no-sibling  "  itemscope="itemscope" itemtype="https://schema.org/CreativeWork" ><div class="iconbox_content"><header class="entry-content-header"><div class="iconbox_icon heading-color " aria-hidden='true' data-av_icon='' data-av_iconfont='entypo-fontello'  ></div><h3 class='iconbox_content_title  '  itemprop="headline"  >Solicitud:</h3></header><div class='iconbox_content_container  '  itemprop="text"  ><p>museo@larioja.org<br />
departamentodidactico@larioja.org<br />
941 105 063</p>
</div></div><footer class="entry-footer"></footer></article></div><div class="flex_column av_two_third  flex_column_div   avia-builder-el-4  el_after_av_one_third  el_before_av_hr  " ><div  class='avia-gallery  avia-gallery-1 avia_lazyload avia-gallery-animate avia_animate_when_visible  avia-builder-el-5  avia-builder-el-no-sibling '  itemprop="image" itemscope="itemscope" itemtype="https://schema.org/ImageObject" ><div class='avia-gallery-thumb'> <a href='https://www.museodelarioja.es/museoromanizacion/wp-content/uploads/TallerTelar-1030x775.jpg' data-rel='gallery-1' data-prev-img='https://www.museodelarioja.es/museoromanizacion/wp-content/uploads/TallerTelar-495x400.jpg' class='first_thumb lightbox ' data-onclick='1' title=''  itemprop="thumbnailUrl" ><img  src='https://www.museodelarioja.es/museoromanizacion/wp-content/uploads/TallerTelar-495x400.jpg' width='495' height='400'  title='Taller telar' alt='Taller Telar' /></a> <a href='https://www.museodelarioja.es/museoromanizacion/wp-content/uploads/Difusión2-1030x772.jpg' data-rel='gallery-1' data-prev-img='https://www.museodelarioja.es/museoromanizacion/wp-content/uploads/Difusión2-495x400.jpg' class='lightbox ' data-onclick='2' title=''  itemprop="thumbnailUrl" ><img  src='https://www.museodelarioja.es/museoromanizacion/wp-content/uploads/Difusión2-495x400.jpg' width='495' height='400'  title='Taller dibujo' alt='Taller dibujo' /></a> <a href='https://www.museodelarioja.es/museoromanizacion/wp-content/uploads/TallerBarro-1030x870.jpg' data-rel='gallery-1' data-prev-img='https://www.museodelarioja.es/museoromanizacion/wp-content/uploads/TallerBarro-495x400.jpg' class='lightbox ' data-onclick='3' title=''  itemprop="thumbnailUrl" ><img  src='https://www.museodelarioja.es/museoromanizacion/wp-content/uploads/TallerBarro-495x400.jpg' width='495' height='400'  title='Taller barro' alt='Cerámica' /></a> <a href='https://www.museodelarioja.es/museoromanizacion/wp-content/uploads/TallerColor.jpg' data-rel='gallery-1' data-prev-img='https://www.museodelarioja.es/museoromanizacion/wp-content/uploads/TallerColor-495x400.jpg' class='lightbox ' data-onclick='4' title=''  itemprop="thumbnailUrl" ><img  src='https://www.museodelarioja.es/museoromanizacion/wp-content/uploads/TallerColor-495x400.jpg' width='495' height='400'  title='Taller color' alt='Acuarela' /></a> <a href='https://www.museodelarioja.es/museoromanizacion/wp-content/uploads/TallerLoza.jpg' data-rel='gallery-1' data-prev-img='https://www.museodelarioja.es/museoromanizacion/wp-content/uploads/TallerLoza-495x400.jpg' class='lightbox ' data-onclick='5' title=''  itemprop="thumbnailUrl" ><img  src='https://www.museodelarioja.es/museoromanizacion/wp-content/uploads/TallerLoza-495x400.jpg' width='495' height='400'  title='Taller cerámica' alt='Dibujo cerámica' /></a> <a href='https://www.museodelarioja.es/museoromanizacion/wp-content/uploads/TallerMosaico-1030x843.jpg' data-rel='gallery-1' data-prev-img='https://www.museodelarioja.es/museoromanizacion/wp-content/uploads/TallerMosaico-495x400.jpg' class='lightbox ' data-onclick='6' title=''  itemprop="thumbnailUrl" ><img  src='https://www.museodelarioja.es/museoromanizacion/wp-content/uploads/TallerMosaico-495x400.jpg' width='495' height='400'  title='Taller mosaicos' alt='Revestimiento con cerámica' /></a></div></div></div></p>
<div   class='hr hr-default   avia-builder-el-6  el_after_av_two_third  el_before_av_one_half '><span class='hr-inner ' ><span class='hr-inner-style'></span></span></div>
<div class="flex_column av_one_half  flex_column_div first  avia-builder-el-7  el_after_av_hr  el_before_av_one_half  " ><p><div  style='padding-bottom:4px; ' class='av-special-heading av-special-heading-h4    avia-builder-el-8  el_before_av_tab_container  avia-builder-el-first  '><h4 class='av-special-heading-tag '  itemprop="headline"  >Para centros docentes</h4><div class='special-heading-border'><div class='special-heading-inner-border' ></div></div></div><br />
<div  class="tabcontainer   sidebar_tab sidebar_tab_left border_tabs  avia-builder-el-9  el_after_av_heading  avia-builder-el-last ">

<section class="av_tab_section"  itemscope="itemscope" itemtype="https://schema.org/CreativeWork" ><div aria-controls="tab-id-1" role="tab" tabindex="0" data-fake-id="#tab-id-1" class="tab active_tab"  itemprop="headline" >Visitas comentadas</div>
<div id="tab-id-1-container" class="tab_content active_tab_content" aria-hidden="false">
<div class="tab_inner_content invers-color"  itemprop="text" >
<p><strong>Descripción</strong>: Con carácter general o especializado según la demanda de los centros, en las salas de la colección permanente o de las exposiciones temporales.</p>
<p><strong>Duración aproximada</strong>:   1 hora.</p>

</div>
</div>
</section>

</div>
</p></div>
<div class="flex_column av_one_half  flex_column_div   avia-builder-el-10  el_after_av_one_half  el_before_av_hr  " ><p><div  style='padding-bottom:4px; ' class='av-special-heading av-special-heading-h4    avia-builder-el-11  el_before_av_tab_container  avia-builder-el-first  '><h4 class='av-special-heading-tag '  itemprop="headline"  >Para todos los públicos</h4><div class='special-heading-border'><div class='special-heading-inner-border' ></div></div></div><br />
<div  class="tabcontainer   sidebar_tab sidebar_tab_left border_tabs  avia-builder-el-12  el_after_av_heading  avia-builder-el-last ">

<section class="av_tab_section"  itemscope="itemscope" itemtype="https://schema.org/CreativeWork" ><div aria-controls="tab-id-2" role="tab" tabindex="0" data-fake-id="#tab-id-2" class="tab active_tab"  itemprop="headline" >Visitas comentadas</div>
<div id="tab-id-2-container" class="tab_content active_tab_content" aria-hidden="false">
<div class="tab_inner_content invers-color"  itemprop="text" >
<p><strong>Descripción</strong>: Visita a la colección permanente.</p>
<p><strong>Duración aproximada</strong>:   1 hora.</p>

</div>
</div>
</section>

</div>
</p></div>
<div   class='hr hr-default   avia-builder-el-13  el_after_av_one_half  el_before_av_hr '><span class='hr-inner ' ><span class='hr-inner-style'></span></span></div>
<div   class='hr hr-default   avia-builder-el-14  el_after_av_hr  avia-builder-el-last '><span class='hr-inner ' ><span class='hr-inner-style'></span></span></div>
