{"id":2414,"date":"2013-10-15T16:44:56","date_gmt":"2013-10-15T16:44:56","guid":{"rendered":"http:\/\/www.museodelarioja.es\/museoromanizacion\/?page_id=2414"},"modified":"2013-12-02T10:02:43","modified_gmt":"2013-12-02T10:02:43","slug":"hasta-la-actualidad","status":"publish","type":"page","link":"https:\/\/www.museodelarioja.es\/museoromanizacion\/coleccion\/hasta-la-actualidad\/","title":{"rendered":"Hasta la Actualidad"},"content":{"rendered":"<div id='layer_slider_1'  class='avia-layerslider main_color avia-shadow  avia-builder-el-0  el_before_av_hr  avia-builder-el-first  container_wrap sidebar_left' style='  height: 401px;' ><\/div><div id='after_layer_slider_1'  class='main_color av_default_container_wrap container_wrap sidebar_left' style=' '  ><div class='container' ><div class='template-page content  av-content-small units'><div class='post-entry post-entry-type-page post-entry-2414'><div class='entry-content-wrapper clearfix'>\n<div   class='hr hr-short hr-center   avia-builder-el-1  el_after_av_layerslider  el_before_av_heading  avia-builder-el-first '><span class='hr-inner ' ><span class='hr-inner-style'><\/span><\/span><\/div>\n<div  style='padding-bottom:10px; ' class='av-special-heading av-special-heading-h5  blockquote classic-quote  avia-builder-el-2  el_after_av_hr  el_before_av_heading  '><h5 class='av-special-heading-tag '  itemprop=\"headline\"  >Introducci\u00f3n<\/h5><div class='special-heading-border'><div class='special-heading-inner-border' ><\/div><\/div><\/div>\n<div  style='padding-bottom:10px; ' class='av-special-heading av-special-heading-h5 meta-heading blockquote classic-quote  avia-builder-el-3  el_after_av_heading  el_before_av_fullscreen  avia-builder-el-last  '><h5 class='av-special-heading-tag '  itemprop=\"headline\"  >La fecha de arranque de este periodo comienza tras el fin de la Guerra Civil. Los concursos y exposiciones nacionales ofrecen paso a la primera generaci\u00f3n de artistas pl\u00e1sticos nacidos o empadronados en La Rioja. El galard\u00f3n de Bellas Artes de La Rioja, instituido en 1998, posibilita la consolidaci\u00f3n de nuevos artistas, un impulso art\u00edstico que ir\u00e1 creciendo a medida que aparecen nuevas salas de arte.<\/h5><div class='special-heading-border'><div class='special-heading-inner-border' ><\/div><\/div><\/div>\n<\/div><\/div><\/div><!-- close content main div --><\/div><\/div><div id='fullscreen_slider_1'  class='avia-fullscreen-slider main_color   avia-builder-el-4  el_after_av_heading  el_before_av_hr   slider-not-first container_wrap sidebar_left' style=' '  ><div   data-size='no scaling'  data-lightbox_size='large'  data-animation='slide'  data-conditional_play=''  data-ids='2386'  data-video_counter='0'  data-autoplay='false'  data-bg_slider='true'  data-slide_height='100'  data-handle='av_fullscreen'  data-interval='5'  data-class=' '  data-el_id=''  data-css_id='fullscreen_slider_1'  data-scroll_down=''  data-control_layout=''  data-custom_markup=''  data-perma_caption=''  data-autoplay_stopper=''  data-image_attachment=''  data-min_height='0px'  data-stretch=''  class='avia-slideshow avia-slideshow-1  av-default-height-applied avia-slideshow-no scaling av_fullscreen   avia-slide-slider '  itemprop=\"image\" itemscope=\"itemscope\" itemtype=\"https:\/\/schema.org\/ImageObject\" ><ul class='avia-slideshow-inner ' style='padding-bottom: 66.407766990291%;' ><li style='background-position:center center;' data-img-url='https:\/\/www.museodelarioja.es\/museoromanizacion\/wp-content\/uploads\/pintura-XIX-pano.jpg' class=' av-single-slide slide-1 ' ><div data-rel='slideshow-1' class='avia-slide-wrap '   ><\/div><\/li><\/ul><\/div><\/div><div id='after_full_slider_1'  class='main_color av_default_container_wrap container_wrap sidebar_left' style=' '  ><div class='container' ><div class='template-page content  av-content-small units'><div class='post-entry post-entry-type-page post-entry-2414'><div class='entry-content-wrapper clearfix'>\n<div   class='hr hr-short hr-center   avia-builder-el-5  el_after_av_fullscreen  el_before_av_heading  avia-builder-el-first '><span class='hr-inner ' ><span class='hr-inner-style'><\/span><\/span><\/div>\n<div  style='padding-bottom:10px; ' class='av-special-heading av-special-heading-h5  blockquote classic-quote  avia-builder-el-6  el_after_av_hr  el_before_av_one_half  '><h5 class='av-special-heading-tag '  itemprop=\"headline\"  >Para saber m\u00e1s\u2026<\/h5><div class='special-heading-border'><div class='special-heading-inner-border' ><\/div><\/div><\/div>\n<div class=\"flex_column av_one_half  flex_column_div first  avia-builder-el-7  el_after_av_heading  el_before_av_one_half  \" ><section class=\"av_textblock_section \"  itemscope=\"itemscope\" itemtype=\"https:\/\/schema.org\/CreativeWork\" ><div class='avia_textblock  '   itemprop=\"text\" ><p style=\"text-align: justify;\">Tras una primera mitad de siglo representado escasamente por las figuras del <strong>escultor Daniel Gonz\u00e1lez<\/strong> (Cervera de R\u00edo Alhama, 1893 &#8211; Logro\u00f1o, 1969), del <strong>pintor Gerardo Sacrist\u00e1n<\/strong> (Logro\u00f1o, 1907 &#8211; Pamplona, 1963), ambos de formaci\u00f3n parisina, y de los <strong>arquitectos Agapito del Valle y Ferm\u00edn \u00c1lamo<\/strong>, el arranque del arte contempor\u00e1neo en La Rioja tiene lugar despu\u00e9s de la guerra civil, con una primera generaci\u00f3n de artistas pl\u00e1sticos que se dieron a conocer a trav\u00e9s de las Exposiciones-concurso de la Organizaci\u00f3n Sindical de Educaci\u00f3n y Descanso. En ellas, aunque tuteladas por el r\u00e9gimen y alejadas de cualquier referencia a las vanguardias hist\u00f3ricas, dieron cabida a unas formas vinculadas a <strong>V\u00e1zquez D\u00eda<\/strong>z para la figuraci\u00f3n y a la Escuela de Madrid para el paisaje. Y as\u00ed, en estos concursos se dieron a conocer <strong>Enrique Blanco Lac, Jos\u00e9 M\u00aa Tub\u00eda Rosales, Jes\u00fas Santamar\u00eda Urrutia, Vicente Asensio, Jes\u00fas Infante y L\u00e1zaro Ferrer<\/strong> quien super\u00f3 la fase provincial y fue premiado en la Exposici\u00f3n Nacional de 1946.<br \/>\nA estos primeros nombres hay que a\u00f1adir en la d\u00e9cada de 1960 la incorporaci\u00f3n de <strong>Jes\u00fas Lozano<\/strong>, la de<strong> Alejandro Rubio Dalmati<\/strong>, dando por finalizado su exilio en Chile, de donde se trae los Premios Nacionales de Dibujo, Pintura y Escultura, y la de <strong>Vicente Ochoa<\/strong>, profesor de Talla en la Escuela de Artes y Oficios, y unos m\u00e1s j\u00f3venes <strong>F\u00e9lix Reyes<\/strong> que lleg\u00f3 a ser director de la misma, y <strong>Emilio Garc\u00eda Moreda<\/strong>, que ocup\u00f3 la c\u00e1tedra de Dibujo en el Instituto Sagasta hasta su prematura muerte en 1983.<br \/>\nY en la d\u00e9cada de 1970 se produce una \u00faltima incorporaci\u00f3n con <strong>Alejandro Narvaiza Rubio, Juli\u00e1n Gil, Luis Garc\u00eda Guti\u00e9rrez Xubero, Rosa Castellot, Jes\u00fas L\u00f3pez Araquist\u00e1in, Andr\u00e9s Rodr\u00edguez Nan\u00e9, y Jos\u00e9 Manuel Rodr\u00edguez Arn\u00e1ez<\/strong>.<br \/>\nY si la pl\u00e1stica se renov\u00f3, tambi\u00e9n la arquitectura super\u00f3 la primera fase modernizadora del racionalismo de la primera mitad del siglo con <strong>Gerardo Cuadra<\/strong>, que emple\u00f3 el hormig\u00f3n y el ladrillo como materiales nobles contempor\u00e1neos en formas llenas de plasticidad.<\/p>\n<\/div><\/section><\/div>\n<div class=\"flex_column av_one_half  flex_column_div   avia-builder-el-9  el_after_av_one_half  el_before_av_hr  \" ><section class=\"av_textblock_section \"  itemscope=\"itemscope\" itemtype=\"https:\/\/schema.org\/CreativeWork\" ><div class='avia_textblock  '   itemprop=\"text\" ><p style=\"text-align: justify;\">Se crea as\u00ed un ambiente que se mov\u00eda fundamentalmente en torno a la figuraci\u00f3n con estilos muy diferentes que alcanz\u00f3 repercusi\u00f3n nacional, pues <strong>Blanco Lac<\/strong> obtiene el Premio Nacional en 1974 y la Medalla de Plata a las Bellas Artes en 1990, <strong>Infante<\/strong> el Premio Nacional de Acuarela en 1975 y <strong>Moreda<\/strong> el Premio Nacional de Pintura en 1979.<br \/>\nCon sus nombres y el de otros de igual repercusi\u00f3n se ha ido llenando la n\u00f3mina del Galard\u00f3n a las Bellas Artes de La Rioja instituido en 1998 para reconocer y consagrar a los cl\u00e1sicos del Arte Contempor\u00e1neo en La Rioja.<br \/>\nPero el Arte Contempor\u00e1neo en La Rioja experimenta una segunda generaci\u00f3n de creadores a partir de 1980, propiciada por las exposiciones del Museo de La Rioja, el Ayuntamiento de Logro\u00f1o, la <strong>Bienal Ciudad de Logro\u00f1o<\/strong> y la<strong> Bienal de La Rioja<\/strong>, y finalmente el <strong>Programa Cultural Rioja <\/strong>de la Consejer\u00eda de Cultura del Gobierno de La Rioja, Ayuntamiento de Logro\u00f1o e Ibercaja.<br \/>\nLa constituyen entre otros los escultores<strong> \u00d3scar Cenzano, Rafa P\u00e9rez, Ricardo Gonz\u00e1lez Gil, Rafael Fern\u00e1ndez y Pepe Rojo; los pintores Vicente G\u00f3mez Alonso Vigoa, Juan Jos\u00e9 Ortega, Octavio Colis, Tito Inchaurralde, Carlos Rosales, Gabriel Ozaeta, Fernando Jal\u00f3n, Carlos L\u00f3pez Garrido y Javier Garrido, y el polifac\u00e9tico Miguel \u00c1ngel S\u00e1inz<\/strong> que trabaj\u00f3 en escultura, pintura y vidrieras hasta su prematura muerte en 2002.<br \/>\nSin embargo la \u00faltima generaci\u00f3n de artistas contempor\u00e1neos en La Rioja se est\u00e1 formando en torno al cambio de siglo con numerosos nombres que alcanzan el reconocimiento en premios y exposiciones de La Rioja y del resto de Espa\u00f1a, con un gran potencial que tendr\u00e1 que cuajar a lo largo de los pr\u00f3ximos a\u00f1os.<\/p>\n<\/div><\/section><\/div><div   class='hr hr-short hr-center   avia-builder-el-11  el_after_av_one_half  el_before_av_heading '><span class='hr-inner ' ><span class='hr-inner-style'><\/span><\/span><\/div><\/p>\n<div  style='padding-bottom:10px; ' class='av-special-heading av-special-heading-h5  blockquote classic-quote  avia-builder-el-12  el_after_av_hr  el_before_av_section  avia-builder-el-last  '><h5 class='av-special-heading-tag '  itemprop=\"headline\"  >Piezas destacadas<\/h5><div class='special-heading-border'><div class='special-heading-inner-border' ><\/div><\/div><\/div>\n<\/div><\/div><\/div><!-- close content main div --><\/div><\/div><div id='av_section_1'  class='avia-section main_color avia-section-default avia-no-shadow  avia-bg-style-scroll  avia-builder-el-13  el_after_av_heading  avia-builder-el-last   container_wrap sidebar_left' style='background-color: #f7f7f7;  '  ><div class='container' ><div class='template-page content  av-content-small units'><div class='post-entry post-entry-type-page post-entry-2414'><div class='entry-content-wrapper clearfix'>\n\n<\/div><\/div><\/div><!-- close content main div --><\/div><\/div><div id='after_section_1'  class='main_color av_default_container_wrap container_wrap sidebar_left' style=' '  ><div class='container' ><div class='template-page content  av-content-small units'><div class='post-entry post-entry-type-page post-entry-2414'><div class='entry-content-wrapper clearfix'>\n","protected":false},"excerpt":{"rendered":"","protected":false},"author":2,"featured_media":0,"parent":2357,"menu_order":0,"comment_status":"open","ping_status":"open","template":"","meta":{"footnotes":""},"class_list":["post-2414","page","type-page","status-publish","hentry"],"_links":{"self":[{"href":"https:\/\/www.museodelarioja.es\/museoromanizacion\/wp-json\/wp\/v2\/pages\/2414","targetHints":{"allow":["GET"]}}],"collection":[{"href":"https:\/\/www.museodelarioja.es\/museoromanizacion\/wp-json\/wp\/v2\/pages"}],"about":[{"href":"https:\/\/www.museodelarioja.es\/museoromanizacion\/wp-json\/wp\/v2\/types\/page"}],"author":[{"embeddable":true,"href":"https:\/\/www.museodelarioja.es\/museoromanizacion\/wp-json\/wp\/v2\/users\/2"}],"replies":[{"embeddable":true,"href":"https:\/\/www.museodelarioja.es\/museoromanizacion\/wp-json\/wp\/v2\/comments?post=2414"}],"version-history":[{"count":8,"href":"https:\/\/www.museodelarioja.es\/museoromanizacion\/wp-json\/wp\/v2\/pages\/2414\/revisions"}],"predecessor-version":[{"id":3298,"href":"https:\/\/www.museodelarioja.es\/museoromanizacion\/wp-json\/wp\/v2\/pages\/2414\/revisions\/3298"}],"up":[{"embeddable":true,"href":"https:\/\/www.museodelarioja.es\/museoromanizacion\/wp-json\/wp\/v2\/pages\/2357"}],"wp:attachment":[{"href":"https:\/\/www.museodelarioja.es\/museoromanizacion\/wp-json\/wp\/v2\/media?parent=2414"}],"curies":[{"name":"wp","href":"https:\/\/api.w.org\/{rel}","templated":true}]}}

<div id='layer_slider_1'  class='avia-layerslider main_color avia-shadow  avia-builder-el-0  el_before_av_hr  avia-builder-el-first  container_wrap sidebar_left' style='  height: 401px;' ></div><div id='after_layer_slider_1'  class='main_color av_default_container_wrap container_wrap sidebar_left' style=' '  ><div class='container' ><div class='template-page content  av-content-small units'><div class='post-entry post-entry-type-page post-entry-2414'><div class='entry-content-wrapper clearfix'>
<div   class='hr hr-short hr-center   avia-builder-el-1  el_after_av_layerslider  el_before_av_heading  avia-builder-el-first '><span class='hr-inner ' ><span class='hr-inner-style'></span></span></div>
<div  style='padding-bottom:10px; ' class='av-special-heading av-special-heading-h5  blockquote classic-quote  avia-builder-el-2  el_after_av_hr  el_before_av_heading  '><h5 class='av-special-heading-tag '  itemprop="headline"  >Introducción</h5><div class='special-heading-border'><div class='special-heading-inner-border' ></div></div></div>
<div  style='padding-bottom:10px; ' class='av-special-heading av-special-heading-h5 meta-heading blockquote classic-quote  avia-builder-el-3  el_after_av_heading  el_before_av_fullscreen  avia-builder-el-last  '><h5 class='av-special-heading-tag '  itemprop="headline"  >La fecha de arranque de este periodo comienza tras el fin de la Guerra Civil. Los concursos y exposiciones nacionales ofrecen paso a la primera generación de artistas plásticos nacidos o empadronados en La Rioja. El galardón de Bellas Artes de La Rioja, instituido en 1998, posibilita la consolidación de nuevos artistas, un impulso artístico que irá creciendo a medida que aparecen nuevas salas de arte.</h5><div class='special-heading-border'><div class='special-heading-inner-border' ></div></div></div>
</div></div></div><!-- close content main div --></div></div><div id='fullscreen_slider_1'  class='avia-fullscreen-slider main_color   avia-builder-el-4  el_after_av_heading  el_before_av_hr   slider-not-first container_wrap sidebar_left' style=' '  ><div   data-size='no scaling'  data-lightbox_size='large'  data-animation='slide'  data-conditional_play=''  data-ids='2386'  data-video_counter='0'  data-autoplay='false'  data-bg_slider='true'  data-slide_height='100'  data-handle='av_fullscreen'  data-interval='5'  data-class=' '  data-el_id=''  data-css_id='fullscreen_slider_1'  data-scroll_down=''  data-control_layout=''  data-custom_markup=''  data-perma_caption=''  data-autoplay_stopper=''  data-image_attachment=''  data-min_height='0px'  data-stretch=''  class='avia-slideshow avia-slideshow-1  av-default-height-applied avia-slideshow-no scaling av_fullscreen   avia-slide-slider '  itemprop="image" itemscope="itemscope" itemtype="https://schema.org/ImageObject" ><ul class='avia-slideshow-inner ' style='padding-bottom: 66.407766990291%;' ><li style='background-position:center center;' data-img-url='https://www.museodelarioja.es/museoromanizacion/wp-content/uploads/pintura-XIX-pano.jpg' class=' av-single-slide slide-1 ' ><div data-rel='slideshow-1' class='avia-slide-wrap '   ></div></li></ul></div></div><div id='after_full_slider_1'  class='main_color av_default_container_wrap container_wrap sidebar_left' style=' '  ><div class='container' ><div class='template-page content  av-content-small units'><div class='post-entry post-entry-type-page post-entry-2414'><div class='entry-content-wrapper clearfix'>
<div   class='hr hr-short hr-center   avia-builder-el-5  el_after_av_fullscreen  el_before_av_heading  avia-builder-el-first '><span class='hr-inner ' ><span class='hr-inner-style'></span></span></div>
<div  style='padding-bottom:10px; ' class='av-special-heading av-special-heading-h5  blockquote classic-quote  avia-builder-el-6  el_after_av_hr  el_before_av_one_half  '><h5 class='av-special-heading-tag '  itemprop="headline"  >Para saber más…</h5><div class='special-heading-border'><div class='special-heading-inner-border' ></div></div></div>
<div class="flex_column av_one_half  flex_column_div first  avia-builder-el-7  el_after_av_heading  el_before_av_one_half  " ><section class="av_textblock_section "  itemscope="itemscope" itemtype="https://schema.org/CreativeWork" ><div class='avia_textblock  '   itemprop="text" ><p style="text-align: justify;">Tras una primera mitad de siglo representado escasamente por las figuras del <strong>escultor Daniel González</strong> (Cervera de Río Alhama, 1893 &#8211; Logroño, 1969), del <strong>pintor Gerardo Sacristán</strong> (Logroño, 1907 &#8211; Pamplona, 1963), ambos de formación parisina, y de los <strong>arquitectos Agapito del Valle y Fermín Álamo</strong>, el arranque del arte contemporáneo en La Rioja tiene lugar después de la guerra civil, con una primera generación de artistas plásticos que se dieron a conocer a través de las Exposiciones-concurso de la Organización Sindical de Educación y Descanso. En ellas, aunque tuteladas por el régimen y alejadas de cualquier referencia a las vanguardias históricas, dieron cabida a unas formas vinculadas a <strong>Vázquez Día</strong>z para la figuración y a la Escuela de Madrid para el paisaje. Y así, en estos concursos se dieron a conocer <strong>Enrique Blanco Lac, José Mª Tubía Rosales, Jesús Santamaría Urrutia, Vicente Asensio, Jesús Infante y Lázaro Ferrer</strong> quien superó la fase provincial y fue premiado en la Exposición Nacional de 1946.<br />
A estos primeros nombres hay que añadir en la década de 1960 la incorporación de <strong>Jesús Lozano</strong>, la de<strong> Alejandro Rubio Dalmati</strong>, dando por finalizado su exilio en Chile, de donde se trae los Premios Nacionales de Dibujo, Pintura y Escultura, y la de <strong>Vicente Ochoa</strong>, profesor de Talla en la Escuela de Artes y Oficios, y unos más jóvenes <strong>Félix Reyes</strong> que llegó a ser director de la misma, y <strong>Emilio García Moreda</strong>, que ocupó la cátedra de Dibujo en el Instituto Sagasta hasta su prematura muerte en 1983.<br />
Y en la década de 1970 se produce una última incorporación con <strong>Alejandro Narvaiza Rubio, Julián Gil, Luis García Gutiérrez Xubero, Rosa Castellot, Jesús López Araquistáin, Andrés Rodríguez Nané, y José Manuel Rodríguez Arnáez</strong>.<br />
Y si la plástica se renovó, también la arquitectura superó la primera fase modernizadora del racionalismo de la primera mitad del siglo con <strong>Gerardo Cuadra</strong>, que empleó el hormigón y el ladrillo como materiales nobles contemporáneos en formas llenas de plasticidad.</p>
</div></section></div>
<div class="flex_column av_one_half  flex_column_div   avia-builder-el-9  el_after_av_one_half  el_before_av_hr  " ><section class="av_textblock_section "  itemscope="itemscope" itemtype="https://schema.org/CreativeWork" ><div class='avia_textblock  '   itemprop="text" ><p style="text-align: justify;">Se crea así un ambiente que se movía fundamentalmente en torno a la figuración con estilos muy diferentes que alcanzó repercusión nacional, pues <strong>Blanco Lac</strong> obtiene el Premio Nacional en 1974 y la Medalla de Plata a las Bellas Artes en 1990, <strong>Infante</strong> el Premio Nacional de Acuarela en 1975 y <strong>Moreda</strong> el Premio Nacional de Pintura en 1979.<br />
Con sus nombres y el de otros de igual repercusión se ha ido llenando la nómina del Galardón a las Bellas Artes de La Rioja instituido en 1998 para reconocer y consagrar a los clásicos del Arte Contemporáneo en La Rioja.<br />
Pero el Arte Contemporáneo en La Rioja experimenta una segunda generación de creadores a partir de 1980, propiciada por las exposiciones del Museo de La Rioja, el Ayuntamiento de Logroño, la <strong>Bienal Ciudad de Logroño</strong> y la<strong> Bienal de La Rioja</strong>, y finalmente el <strong>Programa Cultural Rioja </strong>de la Consejería de Cultura del Gobierno de La Rioja, Ayuntamiento de Logroño e Ibercaja.<br />
La constituyen entre otros los escultores<strong> Óscar Cenzano, Rafa Pérez, Ricardo González Gil, Rafael Fernández y Pepe Rojo; los pintores Vicente Gómez Alonso Vigoa, Juan José Ortega, Octavio Colis, Tito Inchaurralde, Carlos Rosales, Gabriel Ozaeta, Fernando Jalón, Carlos López Garrido y Javier Garrido, y el polifacético Miguel Ángel Sáinz</strong> que trabajó en escultura, pintura y vidrieras hasta su prematura muerte en 2002.<br />
Sin embargo la última generación de artistas contemporáneos en La Rioja se está formando en torno al cambio de siglo con numerosos nombres que alcanzan el reconocimiento en premios y exposiciones de La Rioja y del resto de España, con un gran potencial que tendrá que cuajar a lo largo de los próximos años.</p>
</div></section></div><div   class='hr hr-short hr-center   avia-builder-el-11  el_after_av_one_half  el_before_av_heading '><span class='hr-inner ' ><span class='hr-inner-style'></span></span></div></p>
<div  style='padding-bottom:10px; ' class='av-special-heading av-special-heading-h5  blockquote classic-quote  avia-builder-el-12  el_after_av_hr  el_before_av_section  avia-builder-el-last  '><h5 class='av-special-heading-tag '  itemprop="headline"  >Piezas destacadas</h5><div class='special-heading-border'><div class='special-heading-inner-border' ></div></div></div>
</div></div></div><!-- close content main div --></div></div><div id='av_section_1'  class='avia-section main_color avia-section-default avia-no-shadow  avia-bg-style-scroll  avia-builder-el-13  el_after_av_heading  avia-builder-el-last   container_wrap sidebar_left' style='background-color: #f7f7f7;  '  ><div class='container' ><div class='template-page content  av-content-small units'><div class='post-entry post-entry-type-page post-entry-2414'><div class='entry-content-wrapper clearfix'>

</div></div></div><!-- close content main div --></div></div><div id='after_section_1'  class='main_color av_default_container_wrap container_wrap sidebar_left' style=' '  ><div class='container' ><div class='template-page content  av-content-small units'><div class='post-entry post-entry-type-page post-entry-2414'><div class='entry-content-wrapper clearfix'>
